{"id":1527,"date":"2017-08-02T12:13:27","date_gmt":"2017-08-02T12:13:27","guid":{"rendered":"http:\/\/kpd.kpd-tst.qumak.pl\/?page_id=1527"},"modified":"2017-09-05T11:07:13","modified_gmt":"2017-09-05T11:07:13","slug":"zarzadcy-drog","status":"publish","type":"page","link":"https:\/\/kpd-test.trafficmanager.net\/index.php\/pl\/usluga-kpd\/zarzadcy-drog\/","title":{"rendered":"ZARZ\u0104DCY DR\u00d3G"},"content":{"rendered":"<div id=\"pl-1527\"  class=\"panel-layout\" ><div id=\"pg-1527-0\"  class=\"panel-grid panel-no-style\" ><div id=\"pgc-1527-0-0\"  class=\"panel-grid-cell\" ><div id=\"panel-1527-0-0-0\" class=\"so-panel widget widget_sow-editor panel-first-child panel-last-child\" data-index=\"0\" ><div\r\n\t\t\t\r\n\t\t\tclass=\"so-widget-sow-editor so-widget-sow-editor-base\"\r\n\t\t\t\r\n\t\t>\r\n<div class=\"siteorigin-widget-tinymce textwidget\">\r\n\t<p><em>- uzyskaj\u0105 bie\u017c\u0105c\u0105 informacj\u0119 o warunkach ruchu i robotach drogowych na przyleg\u0142ej sieci drogowej nale\u017c\u0105cej do innych zarz\u0105dc\u00f3w dr\u00f3g<\/em><\/p>\n<p>Drogi generuj\u0105 ruch, a wi\u0119c i zdarzenia z nim zwi\u0105zane, co wp\u0142ywa na ca\u0142\u0105 sie\u0107 drogow\u0105 niezale\u017cnie od tego, kto dan\u0105 drog\u0105 zarz\u0105dza. Dotychczasowy brak bie\u017c\u0105cej wsp\u00f3\u0142pracy pomi\u0119dzy zarz\u0105dcami dr\u00f3g w zakresie przekazywania informacji o utrudnieniach dodatkowo pot\u0119guje problemy ze sprawnym zarz\u0105dzaniem zdarzeniami na drogach..<br \/> W tej sytuacji, bie\u017c\u0105ca informacja o warunkach ruchu i zdarzeniach drogowych, stanowi wsparcie dla zarz\u0105dc\u00f3w dr\u00f3g przy zarz\u0105dzaniu ruchem oraz tymi zdarzeniami. Dzi\u0119ki temu mo\u017cliwe b\u0119dzie m.in. wyznaczenie objazd\u00f3w jak najmniej uci\u0105\u017cliwych dla otoczenia i dla samych kierowc\u00f3w, zapewnienie bezpiecznego przej\u015bcia kolumnom pieszych, przej\u0119cie ruchu w przypadku masowych imprez sportowych lub kulturalnych. Informacje o warunkach ruchu mog\u0105 by\u0107 przekazywane w spos\u00f3b automatyczny dzi\u0119ki protoko\u0142owi DATEX 2, wskutek czego zaoszcz\u0119dzony zostanie czas na szybkie podj\u0119cie w\u0142a\u015bciwych decyzji i uruchomienie stosownych dzia\u0142a\u0144. KPD zapewni w ten spos\u00f3b kompatybilno\u015b\u0107 pomi\u0119dzy systemami zarz\u0105dc\u00f3w dr\u00f3g.<\/p>\n<\/div>\r\n<\/div><\/div><\/div><\/div><\/div>","protected":false},"excerpt":{"rendered":"<p>&#8211; uzyskaj\u0105 bie\u017c\u0105c\u0105 informacj\u0119 o warunkach ruchu i robotach drogowych na przyleg\u0142ej sieci drogowej nale\u017c\u0105cej do innych zarz\u0105dc\u00f3w dr\u00f3gDrogi generuj\u0105 ruch, a wi\u0119c i zdarzenia z nim zwi\u0105zane, co wp\u0142ywa na ca\u0142\u0105 sie\u0107 drogow\u0105 niezale\u017cnie od tego, kto dan\u0105 drog\u0105 zarz\u0105dza. Dotychczasowy brak bie\u017c\u0105cej wsp\u00f3\u0142pracy pomi\u0119dzy zarz\u0105dcami dr\u00f3g w zakresie przekazywania informacji o utrudnieniach dodatkowo [&hellip;]<\/p>\n","protected":false},"author":1,"featured_media":0,"parent":1353,"menu_order":0,"comment_status":"closed","ping_status":"closed","template":"","meta":{"footnotes":""},"_links":{"self":[{"href":"https:\/\/kpd-test.trafficmanager.net\/index.php\/wp-json\/wp\/v2\/pages\/1527"}],"collection":[{"href":"https:\/\/kpd-test.trafficmanager.net\/index.php\/wp-json\/wp\/v2\/pages"}],"about":[{"href":"https:\/\/kpd-test.trafficmanager.net\/index.php\/wp-json\/wp\/v2\/types\/page"}],"author":[{"embeddable":true,"href":"https:\/\/kpd-test.trafficmanager.net\/index.php\/wp-json\/wp\/v2\/users\/1"}],"replies":[{"embeddable":true,"href":"https:\/\/kpd-test.trafficmanager.net\/index.php\/wp-json\/wp\/v2\/comments?post=1527"}],"version-history":[{"count":4,"href":"https:\/\/kpd-test.trafficmanager.net\/index.php\/wp-json\/wp\/v2\/pages\/1527\/revisions"}],"predecessor-version":[{"id":2092,"href":"https:\/\/kpd-test.trafficmanager.net\/index.php\/wp-json\/wp\/v2\/pages\/1527\/revisions\/2092"}],"up":[{"embeddable":true,"href":"https:\/\/kpd-test.trafficmanager.net\/index.php\/wp-json\/wp\/v2\/pages\/1353"}],"wp:attachment":[{"href":"https:\/\/kpd-test.trafficmanager.net\/index.php\/wp-json\/wp\/v2\/media?parent=1527"}],"curies":[{"name":"wp","href":"https:\/\/api.w.org\/{rel}","templated":true}]}}